5
-10 + 4 - (8 - 7)
-7
What is the value of 7 - 13 - (-9 - 0)?
3
Calculate (0 - -6) + (11 - 14).
3
Calculate 7 + -2 - (5 + (-9 - -5)).
4
Calculate 12 + (-20 - -7) - 0.
-1
What is the value of 4 + -7 + -1 + 19 + -6?
9
-4 - -9 - 2 - 7
-4
(3 - 8) + 5 + (-1 - -1)
0
What is the value of -1 - -2 - (5 - 2)?
-2
Calculate (-5 - (-4 - 3)) + -2.
0
What is the value of -4 - (-10 - -19 - 8)?
-5
What is -2 + (11 - 8) + 5 + -1?
5
What is 8 + -2 + (4 - 4)?
6
Evaluate 8 - 11 - (2 - 13).
8
4 + (-9 - (3 + -5) - -1)
-2
(1 + -3 - -4) + -4
-2
What is the value of (-7 - 3 - -2) + 16?
8
Evaluate 1 + 7 + -7 - (-1 + -1).
3
What is the value of -2 - (6 - 6) - 3?
-5
-31 + 15 - -9 - (-4 - 1)
-2
-14 - -12 - ((0 - 1) + -2)
1
What is 0 - (-3 + 8 - 0)?
-5
Evaluate (-10 - (7 - 11)) + (2 - 0).
-4
Calculate (-5 - -6) + -1 + -2 + 1.
-1
21 - (21 + 0) - (-1 + -5)
6
(-12 - -16) + -1 + -8
-5
What is -3 + 6 - 4 - (-7 + 2)?
4
What is 0 + -1 + (-1 - 1)?
-3
Calculate 6 + (-9 - 6) + 8.
-1
What is 36 - 36 - (0 - -1 - 5)?
4
What is 13 - (-3 + 1 - -7 - -2)?
6
What is the value of 0 + (5 + -2 - -5) + -6?
2
Calculate 4 + (4 - 1) + -2.
5
-11 + 10 - (1 - (0 + 0))
-2
2 + -2 + (-1 - -5 - 0)
4
What is 4 + (-4 + -3 - 0)?
-3
What is the value of 0 - (-2 + -3 + 1 - -1)?
3
Evaluate (0 - 2 - 2) + (4 - 2).
-2
(-10 - (1 + -7)) + -5 + 8
-1
Evaluate 2 - (3 + 1 - 3).
1
What is 0 - (11 - ((7 - 12) + 8))?
-8
-18 - -13 - (0 - 7)
2
(-1 - 2) + -2 + (-2 - -7)
0
-5 + (-1 - (-8 + 7))
-5
Calculate 0 - ((-1 - -4) + (-8 - -4)).
1
(2 + 1 - 4) + 4 + -2
1
What is 0 + (0 - (4 + -2) - -2)?
0
What is (6 + -9 - 0) + 7 - 12?
-8
What is the value of 2 - 10 - (-17 + 2)?
7
Calculate 1 + 4 + 1 + (-32 - -26).
0
Evaluate 4 - (15 - (5 + -3)).
-9
What is -3 - (-2 + -2) - -4?
5
What is -3 - (2 + -11 + -1 + 3)?
4
5 - (-3 - -4 - (-1 + -7))
-4
Calculate (25 - 28) + (1 - -2).
0
Calculate (-3 + 0 - -2) + (-4 - 0).
-5
Calculate (0 - (1 + 3)) + 0.
-4
(3 - ((1 - 6) + 16)) + 4
-4
Calculate (-5 - 1) + 130 + -115.
9
Evaluate -4 + (-4 - (-10 + (4 - 3))).
1
What is the value of -1 + 7 + 11 + 9 + -18?
8
What is the value of (-12 - -7) + 5 - (-1 - -3)?
-2
2 + (-3 - (5 + -5))
-1
What is -1 - -1 - 2 - -1 - 0?
-1
Evaluate -3 + -4 + 0 - -6.
-1
Evaluate (7 - (8 + -1)) + -4 - -14.
10
What is -7 + (-24 - -27) + 1 + 0?
-3
What is the value of 3 + 0 - (-1 + 8 - 10)?
6
Evaluate (3 - 1 - 5) + (1 - 2).
-4
-2 + (0 - -3 - 1 - 0)
0
Evaluate -9 + -2 + (-3 - -9).
-5
1 - 4 - (6 - 9)
0
Calculate (-2 - -1) + (-7 - (-1 + -3)).
-4
What is -6 + (-4 - -6) + -2?
-6
Calculate 0 + -1 - -3 - (-4 + 1).
5
What is -1 - (2 - 1) - (1 + -5)?
2
Evaluate -1 - -5 - (-8 - -10).
2
Evaluate (-4 - -4 - -2) + -7 - -4.
-1
What is the value of (0 - (8 + -2)) + 9?
3
Evaluate (1 - -1) + -4 + (10 - 5).
3
Calculate 0 - (-1 - (-2 + 6)).
5
What is the value of (0 + 0 - (1 + -6)) + -3?
2
Evaluate 1 - (-1 + 2) - (11 + -10).
-1
Evaluate 4 - 2 - 2 - 5.
-5
What is the value of -7 + (-2 - -3) - -8?
2
Calculate -6 + (-1 - (-3 + 0)) + 6.
2
Evaluate (0 + (-3 - -6) - -8) + -1.
10
Evaluate (3 - 1) + -3 + (6 - 0).
5
What is 1 + (-1 - -3) - (9 + -11)?
5
Evaluate -2 + -2 + -2 + 5 + -3.
-4
Calculate 0 - (-5 - (-5 + 4)).
4
Calculate 17 - (5 + -2 + 8).
6
Calculate 8 + ((1 - 21) + 8 - -8).
4
Calculate -1 - -7 - (-16 + (-13 - -29)).
6
Evaluate -7 - (7 - (-4 + 9) - 6).
-3
Calculate -3 - (-4 + -2 + 3 + 3).
-3
Evaluate 3 - (5 - 2 - -5).
-5
What is -7 - (-1 + 1 - 4)?
-3
-4 + (4 + -6 - -4)
-2
What is 10 + -10 + -4 - -12?
8
What is the value of -6 - (-2 - -1) - (1 - 5)?
-1
What is 0 + (3 - 7) + 6?
2
Evaluate 0 - (-4 - 3) - 12.
-5
Evaluate 1 + 4 + 2 + 1 - 3.
5
-2 - 1 - (-1 + (3 - 6))
1
What is the value of -6 + -4 + (-12 - -23)?
1
-21 + 12 - (-8 - 0)
-1
What is 2 - (-5 - (-2 - -5 - 13))?
-3
What is (-7 - (-4 + 8 - 8)) + -3?
-6
Calculate 2 + -13 + 20 + -5 + 1.
5
What is (-7 - (-13 - -12)) + 9?
3
(3 - 9) + (-2 - -20 - 5)
7
3 + (-7 - 0) + 4 + 0
0
Evaluate 2 - 1 - (14 + -11).
-2
Calculate -2 - (-2 + -1 + 2) - 1.
-2
What is the value of -3 + (11 - (6 - -7))?
-5
Calculate 10 + (-1 - 1) - (4 + 0).
4
4 - (-2 + 1 - (-4 + -3))
-2
Calculate 2 - 4 - (-13 + 5).
6
Calculate -1 - ((-1 - -6) + -21 + 16).
-1
Evaluate 4 + 3 + 5 + -6 + 0.
6
What is the value of 12 + -1 - (-52 + 57)?
6
Calculate -1 - ((3 - 1) + -5 - -2).
0
Calculate 1 + 1 + (25 - 31) + -2.
-6
1 - (4 - (-1 + -1))
-5
Evaluate -4 - (3 + (-4 - 1)).
-2
Calculate -10 + 1 - (-19 - -9 - -5).
-4
Evaluate 66 - 75 - (-1 - 3 - -1).
-6
Calculate -5 + (-6 - -8) - (1 + 1).
-5
What is the value of -18 + 10 + -7 + 6?
-9
What is the value of (5 + 2 - 11) + 0 + 1?
-3
What is (-1 - 0 - (12 - 16)) + -3?
0
Evaluate 0 + 4 + -1 + (-31 - -33).
5
What is 4 + 0 + (1 - 2)?
3
Evaluate -8 + (9 - 3) - (-6 - -8).
-4
Calculate (4 - (9 + 2)) + -14 + 24.
3
-4 - (-1 + 0 - (2 - 0))
-1
Evaluate -1 + 2 + (6 - 4) + -5.
-2
Calculate -2 - (-4 + 4 + -8).
6
What is (7 - 3) + -3 + (7 - 3)?
5
Evaluate 29 + -37 - (-14 - 5).
11
Calculate 1 + 1 - (-34 - -32).
4
Evaluate 4 - (3 + 3 + -5).
3
Evaluate -3 + -1 + 9 + -8 + -1.
-4
What is the value of (-17 + -1 - -7) + 6?
-5
What is 8 + (-4 - (-3 - 0)) - 4?
3
-3 + (-5 - -4) - (-1 - 1)
-2
-4 + -5 - -14 - (0 - -8)
-3
12 + -19 + (1 - 1) + 0
-7
Calculate (1 - (-2 + 3 - 3)) + -6.
-3
Calculate 5 + (-3 - (3 + -2 + -4)).
5
Evaluate 0 - -1 - -2 - (0 + 5).
-2
Evaluate -6 + -3 + 8 - -1.
0
Evaluate -2 - (-9 + (0 - -5)).
2
(-11 - -12) + (3 - (-3 - 0))
7
What is the value of (-1 - (-10 - 2)) + -81 + 78?
8
What is -3 + 3 + 7 + -5 + -7?
-5
What is the value of 3 + (2 - 6) + (-11 - -15)?
3
What is the value of -3 - (3 - (2 + -2))?
-6
Evaluate (-17 - -11) + -3 + 8.
-1
What is the value of (3 + -4 + -1 - -4) + 2?
4
What is the value of 0 + 2 + -23 + 26?
5
0 - (-1 - 5) - 6
0
-58 + 57 - (1 + -1)
-1
What is the value of (16 - 7 - -1) + -5?
5
What is the value of -3 + 4 - 4 - -8?
5
What is the value of 2 + -2 + -25 + 19?
-6
Evaluate -9 + (-2 - -9) - (2 + 0).
-4
What is -1 + 12 + (32 - 42)?
1
Calculate (-3 - (2 - 5)) + -5.
-5
Calculate -1 + 3 - (-1 + 6) - -3.
0
Evaluate 2 + 0 - (7 - 10).
5
Calculate 1 + (-10 - -1 - -15).
7
What is the value of -15 + (7 - -2) - 0?
-6
Evaluate 3 - (0 + 0 + 0 + 0).
3
Calculate 2 - (2 + 0 - 2 - 0).
2
What is -3 + 6 + (-4 - 3)?
-4
What is 15 + -10 - (0 - -1 - -7)?
-3
Calculate 2 - (8 - 4 - 0).
-2
What is the value of (1 - -1) + -2 + 2 + 1?
3
What is the value of 0 - 2 - 2 - (-8 - -8)?
-4
What is 3 - (-5 - (11 - 20))?
-1
What is the value of 7 + -8 - (-1 - (3 - 4))?
-1
-3 - (-12 - (2 - 8)) - -3
6
5 + 0 + 3 + (-13 - -8)
3
Evaluate 1 + -3 - (1 - (4 + 0)).
1
Calculate (2 - (0 + 0)) + -6.
-4
-1 - (14 - (4 + 3)) - -17
9
What is the value of 5 - -3 - (3 - (1 - -4))?
10
What is the value of 18 + (3 - 7) + -11 + 3?
6
Evaluate 0 - (1 - 9) - (4 - 0).
4
Evaluate -10 + 4 + -14 + 13.
-7
Calculate -3 - (5 + (-7 - -3) + -1).
-3
Calculate -4 - 0 - (3 - 4).
-3
Evaluate -4 - -3 - (-1 - 0).
0
What is -4 - (-3 - (-5 - (-1 - 1)))?
-4
What is the value of (0 - -1) + (8 - 7) + 2?
4
(-4 - (-5 + 1)) + (4 - 7)
-3
What is (-5 - (2 - 1)) + 14 + -11?
-3
-3 + 9 + -2 + 2
6
What is the value of 11 - (1 - -9 - (-12 + 14))?
3
-5 - -9 - 0 - 6
-2
What is (-6 + 8 - 5) + 9?
6
Calculate (6 - (-3 - -2)) + -2.
5
Evaluate 0 + (6 - 16) + 16.
6
What is 3 + (-1 - 1) + 2?
3
What is the value of (-2 - (-1 - 8)) + -15?
-8
Calculate (7 - (12 + -6 + 3)) + 1.
-1
What is the value of -8 + 15 + -12 - -5?
0
Calculate 5 + (-7 - 6) + 5.
-3
-2 + 8 - -2 - (-2 - -6)
4
What is 0 + (-4 - 0 - -8)?
4
What is the value of -8 + (-1 - -11 - 4)?
-2
What is the value of -1 + -3 + -1 + 2?
-3
Calculate -12 + 1 + (-9 + 14 - 1).
-7
Calculate 3 + (-1 + 2 - -1 - 2).
3
Evaluate 5 + -9 + (1 + -1 - -3).
-1
What is (2 - (5 + 0)) + 4 - 2?
-1
Calculate 2 - (1 - 0) - -3.
4
What is -13 - -7 - -2 - (3 + -9)?
2
Calculate 0 + -2 - (-6 - -1).
3
What is (14 + 0 - (4 + 2)) + -2?
6
Evaluate -10 - 0 - (-341 - -334).
-3
What is -2 - 4 - (-2 + 0)?
-4
What is -4 + 0 + 3 + -7 - -4?
-4
0 - 1 - (8 + -12 - 4)
7
Evaluate (-33 - -35) + (5 - 1).
6
Evaluate -8 + (7 - 2) - -3.
0
What is (4 - -1) + -4 + 3?
4
Evaluate -1 + 0 + -2 + (0 - 2).
-5
What is the value of (-5 + -2 - (0 - 2)) + 0?
-5
Calculate 1 + -7 + -1 + 5 + 4.
2
What is -170 - -167 - (0 + -10)?
7
Evaluate 3 + 2 + -6 + (0 - -4).
3
Calculate 3 + 0 - (9 + -9 + 4).
-1
-1 + (2 - -2 - 7) - -8
4
Evaluate 0 + 4 + -12 + 3 